                                                                                                                                                                                                                                                                                                                                                                                                                                                                                                                                                                                                                                                                                                                                                                                                                                                        {"id":533,"date":"2023-05-10T19:56:36","date_gmt":"2023-05-10T17:56:36","guid":{"rendered":"https:\/\/webmuestra.com\/volador\/?page_id=533"},"modified":"2023-11-15T13:04:52","modified_gmt":"2023-11-15T12:04:52","slug":"aviso-legal","status":"publish","type":"page","link":"https:\/\/www.voladorwine.com\/es\/aviso-legal\/","title":{"rendered":"Aviso Legal"},"content":{"rendered":"\t\t<div data-elementor-type=\"wp-page\" data-elementor-id=\"533\" class=\"elementor elementor-533\" data-elementor-post-type=\"page\">\n\t\t\t\t\t\t<section class=\"elementor-section elementor-top-section elementor-element elementor-element-936545a elementor-section-boxed elementor-section-height-default elementor-section-height-default\" data-id=\"936545a\" data-element_type=\"section\" data-e-type=\"section\">\n\t\t\t\t\t\t<div class=\"elementor-container elementor-column-gap-default\">\n\t\t\t\t\t<div class=\"elementor-column elementor-col-100 elementor-top-column elementor-element elementor-element-dc80252\" data-id=\"dc80252\" data-element_type=\"column\" data-e-type=\"column\">\n\t\t\t<div class=\"elementor-widget-wrap elementor-element-populated\">\n\t\t\t\t\t\t<div class=\"elementor-element elementor-element-979e662 elementor-widget elementor-widget-heading\" data-id=\"979e662\" data-element_type=\"widget\" data-e-type=\"widget\" data-widget_type=\"heading.default\">\n\t\t\t\t<div class=\"elementor-widget-container\">\n\t\t\t\t\t<h2 class=\"elementor-heading-title elementor-size-default\">Aviso Legal<\/h2>\t\t\t\t<\/div>\n\t\t\t\t<\/div>\n\t\t\t\t<div class=\"elementor-element elementor-element-d14cdb3 elementor-widget elementor-widget-text-editor\" data-id=\"d14cdb3\" data-element_type=\"widget\" data-e-type=\"widget\" data-widget_type=\"text-editor.default\">\n\t\t\t\t<div class=\"elementor-widget-container\">\n\t\t\t\t\t\t\t\t\t\n<p>Denominaci\u00f3n Social: Josep Grau Viticultor, S.L.<\/p>\n\n\n\n<p>Nombre Comercial: Josep Grau Viticultor<\/p>\n\n\n\n<p>Domicili Social: C\/ Orient, 2 \u2013 43737 Gratallops (Tarragona)<\/p>\n\n\n\n<p>CIF: B-63212534<\/p>\n\n\n\n<p>Tel\u00e9fono: +34 678730596<\/p>\n\n\n\n<p>e-Mail: celler@Josepgrauviticultor.com<\/p>\n\n\n\n<p>Nombre de dominio: www.josepgrauviticultor.com<\/p>\n\n\n\n<p>El presente aviso legal (en adelante, el \u201cAviso Legal\u201d) regula el uso del servicio del portal de Internet https:\/\/www.josepgrauviticultor.com (en adelante, la \u201cWeb\u201d) de Josep Grau Viticultor S.L. , en adelante JGV, con domicilio social en: C \/Orient, 2 \u2013 43737 Gratallops (Tarragona)<\/p>\n\n\n\n<h3 class=\"wp-block-heading\">Legislaci\u00f3n<\/h3>\n\n\n\n<p>Con car\u00e1cter general las relaciones entre JGV con los Usuarios de sus servicios telem\u00e1ticos, presentes en la web, se encuentran sometidas a la legislaci\u00f3n y jurisdicci\u00f3n espa\u00f1olas.<br>Las partes renuncian expresamente al fuero que les pudiera corresponder y someten expresamente a los Juzgados y Tribunales de Barcelona para resolver cualquier controversia que pueda surgir en la interpretaci\u00f3n o ejecuci\u00f3n de las presentes condiciones contractuales.<\/p>\n\n\n\n<h3 class=\"wp-block-heading\">Contenido y uso<\/h3>\n\n\n\n<p>El Usuario queda informado, y acepta, que el acceso a la presente web no supone, en modo alguno, el inicio de una relaci\u00f3n comercial con JGV.<br>El titular del web no se identifica con las opiniones vertidas en el mismo por sus colaboradores JGV se reserva el derecho de efectuar sin previo aviso las modificaciones que considere oportunas en su Web, pudiendo cambiar, suprimir o a\u00f1adir tanto los contenidos y servicios que se presten a trav\u00e9s de la misma como la forma en la que \u00e9stos aparezcan presentados o localizados en sus servidores.<\/p>\n\n\n\n<h3 class=\"wp-block-heading\">Propiedad intelectual e industrial<\/h3>\n\n\n\n<p>Los derechos de propiedad intelectual del contenido de las p\u00e1ginas web, su dise\u00f1o gr\u00e1fico y c\u00f3digos son titularidad de JGV y, por tanto, queda prohibida su reproducci\u00f3n, distribuci\u00f3n, comunicaci\u00f3n p\u00fablica, transformaci\u00f3n o cualquier otra actividad que se pueda realizar con los contenidos de sus p\u00e1ginas web ni a\u00fan citando las fuentes, salvo consentimiento por escrito de JGV. Todos los nombres comerciales, marcas o signos distintos de cualquier clase contenidos en las p\u00e1ginas web de la Empresa son propiedad de sus due\u00f1os y est\u00e1n protegidos por ley.<\/p>\n\n\n\n<h3 class=\"wp-block-heading\">Enlaces (links)<\/h3>\n\n\n\n<p>La presencia de enlaces (links) en las p\u00e1ginas web deJGV tiene finalidad meramente informativa y en ning\u00fan caso supone sugerencia, invitaci\u00f3n o recomendaci\u00f3n sobre los mismos.<\/p>\n\n\n\n<h3 class=\"wp-block-heading\">Confidencialidad y protecci\u00f3n de datos<\/h3>\n\n\n\n<p>A efecto de lo previsto en la Ley Org\u00e1nica 15\/1999, de 13 de diciembre, de Protecci\u00f3n de Datos de Car\u00e1cter Personal, JGV informa al Usuario de la existencia de un fichero automatizado de datos de car\u00e1cter personal creado por y para JGV y bajo su responsabilidad, con la finalidad de realizar el mantenimiento y gesti\u00f3n de la relaci\u00f3n con el Usuario, as\u00ed como las labores de informaci\u00f3n. Ud. da su consentimiento expreso para la inclusi\u00f3n de sus datos en el mencionado fichero y la remisi\u00f3n de informaciones comerciales de productos de JGV. En el momento de la aceptaci\u00f3n de las presentes condiciones generales, JGV precisar\u00e1 del Usuario la recogida de unos datos imprescindibles para la prestaci\u00f3n de sus servicios.<\/p>\n\n\n\n<h3 class=\"wp-block-heading\">Registro de ficheros y formularios<\/h3>\n\n\n\n<p>La cumplimentaci\u00f3n del formulario de registro es obligatoria para acceder y disfrutar de determinados servicios ofrecidos en la web. El no facilitar los datos personales solicitados o el no aceptar la presente pol\u00edtica de protecci\u00f3n de datos supone la imposibilidad de suscribirse, registrarse o participar en cualquiera de las promociones en las que se soliciten datos car\u00e1cter personal.<br>De acuerdo a lo establecido en la Ley Org\u00e1nica 15\/1999, de 13 de diciembre, de Protecci\u00f3n de Datos de Car\u00e1cter Personal, le informamos que los datos personales que se obtengan como consecuencia de su registro, ser\u00e1n incorporados a un fichero titularidad de JGV y domicilio en C\/ Orient, 2 \u2013 43737 Gratallops , Tarragona), habi\u00e9ndose adaptado a lo establecido en el reglamento que desarrolla la LOPD, RD (1720\/2007 de 21 de Diciembre).<\/p>\n\n\n\n<h3 class=\"wp-block-heading\">Exactitud y veracidad de los datos facilitados<\/h3>\n\n\n\n<p>El Usuario es el \u00fanico responsable de la veracidad y correcci\u00f3n de los datos incluidos, exoner\u00e1ndoseJGV de cualquier responsabilidad al respecto. Los usuarios garantizan y responden, en cualquier caso, de la exactitud, vigencia y autenticidad de los datos personales facilitados, y se comprometen a mantenerlos debidamente actualizados.<br>El usuario acepta proporcionar informaci\u00f3n completa y correcta en el formulario de registro o suscripci\u00f3n. JGV no responde de la veracidad de las informaciones que no sean de elaboraci\u00f3n propia y de las que se indique otra fuente, por lo que tampoco asume responsabilidad alguna en cuanto a hipot\u00e9ticos perjuicios que pudieran originarse por el uso de dicha informaci\u00f3n. JGV se reserva el derecho a actualizar, modificar o eliminar la informaci\u00f3n contenida en sus p\u00e1ginas web pudiendo incluso limitar o no permitir el acceso a dicha informaci\u00f3n. Se exonera a JGV de responsabilidad ante cualquier da\u00f1o o perjuicio que pudiera sufrir el Usuario como consecuencia de errores, defectos u omisiones, en la informaci\u00f3n facilitada por JGV siempre que proceda de fuentes ajenas al centro.<\/p>\n\t\t\t\t\t\t\t\t<\/div>\n\t\t\t\t<\/div>\n\t\t\t\t\t<\/div>\n\t\t<\/div>\n\t\t\t\t\t<\/div>\n\t\t<\/section>\n\t\t\t\t<\/div>\n\t\t","protected":false},"excerpt":{"rendered":"<p>Aviso Legal Denominaci\u00f3n Social: Josep Grau Viticultor, S.L. Nombre Comercial: Josep Grau Viticultor Domicili Social: C\/ Orient, 2 \u2013 43737 Gratallops (Tarragona) CIF: B-63212534 Tel\u00e9fono: +34 678730596 e-Mail: celler@Josepgrauviticultor.com Nombre de dominio: www.josepgrauviticultor.com El presente aviso legal (en adelante, el \u201cAviso Legal\u201d) regula el uso del servicio del portal de Internet https:\/\/www.josepgrauviticultor.com (en adelante, la [&hellip;]<\/p>\n","protected":false},"author":1,"featured_media":0,"parent":0,"menu_order":0,"comment_status":"closed","ping_status":"closed","template":"","meta":{"footnotes":""},"class_list":["post-533","page","type-page","status-publish","hentry"],"_links":{"self":[{"href":"https:\/\/www.voladorwine.com\/es\/wp-json\/wp\/v2\/pages\/533","targetHints":{"allow":["GET"]}}],"collection":[{"href":"https:\/\/www.voladorwine.com\/es\/wp-json\/wp\/v2\/pages"}],"about":[{"href":"https:\/\/www.voladorwine.com\/es\/wp-json\/wp\/v2\/types\/page"}],"author":[{"embeddable":true,"href":"https:\/\/www.voladorwine.com\/es\/wp-json\/wp\/v2\/users\/1"}],"replies":[{"embeddable":true,"href":"https:\/\/www.voladorwine.com\/es\/wp-json\/wp\/v2\/comments?post=533"}],"version-history":[{"count":4,"href":"https:\/\/www.voladorwine.com\/es\/wp-json\/wp\/v2\/pages\/533\/revisions"}],"predecessor-version":[{"id":3307,"href":"https:\/\/www.voladorwine.com\/es\/wp-json\/wp\/v2\/pages\/533\/revisions\/3307"}],"wp:attachment":[{"href":"https:\/\/www.voladorwine.com\/es\/wp-json\/wp\/v2\/media?parent=533"}],"curies":[{"name":"wp","href":"https:\/\/api.w.org\/{rel}","templated":true}]}}

<div data-elementor-type="wp-page" data-elementor-id="533" class="elementor elementor-533" data-elementor-post-type="page">
						<section class="elementor-section elementor-top-section elementor-element elementor-element-936545a elementor-section-boxed elementor-section-height-default elementor-section-height-default" data-id="936545a" data-element_type="section" data-e-type="section">
						<div class="elementor-container elementor-column-gap-default">
					<div class="elementor-column elementor-col-100 elementor-top-column elementor-element elementor-element-dc80252" data-id="dc80252" data-element_type="column" data-e-type="column">
			<div class="elementor-widget-wrap elementor-element-populated">
						<div class="elementor-element elementor-element-979e662 elementor-widget elementor-widget-heading" data-id="979e662" data-element_type="widget" data-e-type="widget" data-widget_type="heading.default">
				<div class="elementor-widget-container">
					<h2 class="elementor-heading-title elementor-size-default">Aviso Legal</h2>				</div>
				</div>
				<div class="elementor-element elementor-element-d14cdb3 elementor-widget elementor-widget-text-editor" data-id="d14cdb3" data-element_type="widget" data-e-type="widget" data-widget_type="text-editor.default">
				<div class="elementor-widget-container">
									
<p>Denominación Social: Josep Grau Viticultor, S.L.</p>



<p>Nombre Comercial: Josep Grau Viticultor</p>



<p>Domicili Social: C/ Orient, 2 – 43737 Gratallops (Tarragona)</p>



<p>CIF: B-63212534</p>



<p>Teléfono: +34 678730596</p>



<p>e-Mail: celler@Josepgrauviticultor.com</p>



<p>Nombre de dominio: www.josepgrauviticultor.com</p>



<p>El presente aviso legal (en adelante, el “Aviso Legal”) regula el uso del servicio del portal de Internet https://www.josepgrauviticultor.com (en adelante, la “Web”) de Josep Grau Viticultor S.L. , en adelante JGV, con domicilio social en: C /Orient, 2 – 43737 Gratallops (Tarragona)</p>



<h3 class="wp-block-heading">Legislación</h3>



<p>Con carácter general las relaciones entre JGV con los Usuarios de sus servicios telemáticos, presentes en la web, se encuentran sometidas a la legislación y jurisdicción españolas.<br>Las partes renuncian expresamente al fuero que les pudiera corresponder y someten expresamente a los Juzgados y Tribunales de Barcelona para resolver cualquier controversia que pueda surgir en la interpretación o ejecución de las presentes condiciones contractuales.</p>



<h3 class="wp-block-heading">Contenido y uso</h3>



<p>El Usuario queda informado, y acepta, que el acceso a la presente web no supone, en modo alguno, el inicio de una relación comercial con JGV.<br>El titular del web no se identifica con las opiniones vertidas en el mismo por sus colaboradores JGV se reserva el derecho de efectuar sin previo aviso las modificaciones que considere oportunas en su Web, pudiendo cambiar, suprimir o añadir tanto los contenidos y servicios que se presten a través de la misma como la forma en la que éstos aparezcan presentados o localizados en sus servidores.</p>



<h3 class="wp-block-heading">Propiedad intelectual e industrial</h3>



<p>Los derechos de propiedad intelectual del contenido de las páginas web, su diseño gráfico y códigos son titularidad de JGV y, por tanto, queda prohibida su reproducción, distribución, comunicación pública, transformación o cualquier otra actividad que se pueda realizar con los contenidos de sus páginas web ni aún citando las fuentes, salvo consentimiento por escrito de JGV. Todos los nombres comerciales, marcas o signos distintos de cualquier clase contenidos en las páginas web de la Empresa son propiedad de sus dueños y están protegidos por ley.</p>



<h3 class="wp-block-heading">Enlaces (links)</h3>



<p>La presencia de enlaces (links) en las páginas web deJGV tiene finalidad meramente informativa y en ningún caso supone sugerencia, invitación o recomendación sobre los mismos.</p>



<h3 class="wp-block-heading">Confidencialidad y protección de datos</h3>



<p>A efecto de lo previsto en la Ley Orgánica 15/1999, de 13 de diciembre, de Protección de Datos de Carácter Personal, JGV informa al Usuario de la existencia de un fichero automatizado de datos de carácter personal creado por y para JGV y bajo su responsabilidad, con la finalidad de realizar el mantenimiento y gestión de la relación con el Usuario, así como las labores de información. Ud. da su consentimiento expreso para la inclusión de sus datos en el mencionado fichero y la remisión de informaciones comerciales de productos de JGV. En el momento de la aceptación de las presentes condiciones generales, JGV precisará del Usuario la recogida de unos datos imprescindibles para la prestación de sus servicios.</p>



<h3 class="wp-block-heading">Registro de ficheros y formularios</h3>



<p>La cumplimentación del formulario de registro es obligatoria para acceder y disfrutar de determinados servicios ofrecidos en la web. El no facilitar los datos personales solicitados o el no aceptar la presente política de protección de datos supone la imposibilidad de suscribirse, registrarse o participar en cualquiera de las promociones en las que se soliciten datos carácter personal.<br>De acuerdo a lo establecido en la Ley Orgánica 15/1999, de 13 de diciembre, de Protección de Datos de Carácter Personal, le informamos que los datos personales que se obtengan como consecuencia de su registro, serán incorporados a un fichero titularidad de JGV y domicilio en C/ Orient, 2 – 43737 Gratallops , Tarragona), habiéndose adaptado a lo establecido en el reglamento que desarrolla la LOPD, RD (1720/2007 de 21 de Diciembre).</p>



<h3 class="wp-block-heading">Exactitud y veracidad de los datos facilitados</h3>



<p>El Usuario es el único responsable de la veracidad y corrección de los datos incluidos, exonerándoseJGV de cualquier responsabilidad al respecto. Los usuarios garantizan y responden, en cualquier caso, de la exactitud, vigencia y autenticidad de los datos personales facilitados, y se comprometen a mantenerlos debidamente actualizados.<br>El usuario acepta proporcionar información completa y correcta en el formulario de registro o suscripción. JGV no responde de la veracidad de las informaciones que no sean de elaboración propia y de las que se indique otra fuente, por lo que tampoco asume responsabilidad alguna en cuanto a hipotéticos perjuicios que pudieran originarse por el uso de dicha información. JGV se reserva el derecho a actualizar, modificar o eliminar la información contenida en sus páginas web pudiendo incluso limitar o no permitir el acceso a dicha información. Se exonera a JGV de responsabilidad ante cualquier daño o perjuicio que pudiera sufrir el Usuario como consecuencia de errores, defectos u omisiones, en la información facilitada por JGV siempre que proceda de fuentes ajenas al centro.</p>
								</div>
				</div>
					</div>
		</div>
					</div>
		</section>
				</div>

<p>Aviso Legal Denominación Social: Josep Grau Viticultor, S.L. Nombre Comercial: Josep Grau Viticultor Domicili Social: C/ Orient, 2 – 43737 Gratallops (Tarragona) CIF: B-63212534 Teléfono: +34 678730596 e-Mail: celler@Josepgrauviticultor.com Nombre de dominio: www.josepgrauviticultor.com El presente aviso legal (en adelante, el “Aviso Legal”) regula el uso del servicio del portal de Internet https://www.josepgrauviticultor.com (en adelante, la [&hellip;]</p>
